{"id":3701,"date":"2020-06-08T08:27:37","date_gmt":"2020-06-08T08:27:37","guid":{"rendered":"http:\/\/hammerheart.kapsi.fi\/greatdane\/?page_id=3701"},"modified":"2021-07-21T18:27:25","modified_gmt":"2021-07-21T18:27:25","slug":"venla","status":"publish","type":"page","link":"https:\/\/hammerheart.kapsi.fi\/greatdane\/venla\/","title":{"rendered":"Venla"},"content":{"rendered":"\n<h3>Maid&#8217;s Aurora Alissa<\/h3>\n\n\n\n<figure class=\"wp-block-gallery columns-1 is-cropped\"><ul class=\"blocks-gallery-grid\"><li class=\"blocks-gallery-item\"><figure><img loading=\"lazy\" width=\"1024\" height=\"726\" src=\"http:\/\/hammerheart.kapsi.fi\/greatdane\/wp-content\/uploads\/2021\/07\/Venla-145-kk-c-Kati-Bruce-II-1024x726.jpeg\" alt=\"\" data-id=\"5257\" data-full-url=\"http:\/\/hammerheart.kapsi.fi\/greatdane\/wp-content\/uploads\/2021\/07\/Venla-145-kk-c-Kati-Bruce-II.jpeg\" data-link=\"http:\/\/hammerheart.kapsi.fi\/greatdane\/venla-kasvu-kuvina\/venla-145-kk-c-kati-bruce-ii\/\" class=\"wp-image-5257\" srcset=\"https:\/\/hammerheart.kapsi.fi\/greatdane\/wp-content\/uploads\/2021\/07\/Venla-145-kk-c-Kati-Bruce-II-1024x726.jpeg 1024w, https:\/\/hammerheart.kapsi.fi\/greatdane\/wp-content\/uploads\/2021\/07\/Venla-145-kk-c-Kati-Bruce-II-300x213.jpeg 300w, https:\/\/hammerheart.kapsi.fi\/greatdane\/wp-content\/uploads\/2021\/07\/Venla-145-kk-c-Kati-Bruce-II-768x544.jpeg 768w, https:\/\/hammerheart.kapsi.fi\/greatdane\/wp-content\/uploads\/2021\/07\/Venla-145-kk-c-Kati-Bruce-II-1536x1088.jpeg 1536w, https:\/\/hammerheart.kapsi.fi\/greatdane\/wp-content\/uploads\/2021\/07\/Venla-145-kk-c-Kati-Bruce-II-706x500.jpeg 706w, https:\/\/hammerheart.kapsi.fi\/greatdane\/wp-content\/uploads\/2021\/07\/Venla-145-kk-c-Kati-Bruce-II.jpeg 2048w\" sizes=\"(max-width: 1024px) 100vw, 1024px\" \/><figcaption class=\"blocks-gallery-item__caption\">14,5 kk, kuva: Kati B<\/figcaption><\/figure><\/li><\/ul><\/figure>\n\n\n\n<figure class=\"wp-block-gallery columns-1 is-cropped\"><ul class=\"blocks-gallery-grid\"><li class=\"blocks-gallery-item\"><figure><img loading=\"lazy\" width=\"1024\" height=\"683\" src=\"http:\/\/hammerheart.kapsi.fi\/greatdane\/wp-content\/uploads\/2021\/07\/Venla-145-kk-c-Kati-Bruce-1024x683.jpeg\" alt=\"\" data-id=\"5260\" data-full-url=\"http:\/\/hammerheart.kapsi.fi\/greatdane\/wp-content\/uploads\/2021\/07\/Venla-145-kk-c-Kati-Bruce.jpeg\" data-link=\"http:\/\/hammerheart.kapsi.fi\/greatdane\/venla\/venla-145-kk-c-kati-bruce\/\" class=\"wp-image-5260\" srcset=\"https:\/\/hammerheart.kapsi.fi\/greatdane\/wp-content\/uploads\/2021\/07\/Venla-145-kk-c-Kati-Bruce-1024x683.jpeg 1024w, https:\/\/hammerheart.kapsi.fi\/greatdane\/wp-content\/uploads\/2021\/07\/Venla-145-kk-c-Kati-Bruce-300x200.jpeg 300w, https:\/\/hammerheart.kapsi.fi\/greatdane\/wp-content\/uploads\/2021\/07\/Venla-145-kk-c-Kati-Bruce-768x512.jpeg 768w, https:\/\/hammerheart.kapsi.fi\/greatdane\/wp-content\/uploads\/2021\/07\/Venla-145-kk-c-Kati-Bruce-1536x1024.jpeg 1536w, https:\/\/hammerheart.kapsi.fi\/greatdane\/wp-content\/uploads\/2021\/07\/Venla-145-kk-c-Kati-Bruce-750x500.jpeg 750w, https:\/\/hammerheart.kapsi.fi\/greatdane\/wp-content\/uploads\/2021\/07\/Venla-145-kk-c-Kati-Bruce.jpeg 2048w\" sizes=\"(max-width: 1024px) 100vw, 1024px\" \/><figcaption class=\"blocks-gallery-item__caption\">14,5 kk, kuva: Kati B<\/figcaption><\/figure><\/li><\/ul><\/figure>\n\n\n\n<p>s. 30.4.2020<br>kasv. Kirsi M\u00e4ki, Raisio, kennel Maid&#8217;s<\/p>\n\n\n\n<p>i. CIB Multi CH Multi Winner Riveran Call Me Fogman Jr &#8220;Veeti&#8221;<br>e. CIB FI LT MVA HeJW-15 Horsebjerg Not A Bad Loser &#8220;Mustikka&#8221;<\/p>\n\n\n\n<figure class=\"wp-block-gallery columns-2 is-cropped\"><ul class=\"blocks-gallery-grid\"><li class=\"blocks-gallery-item\"><figure><a href=\"http:\/\/hammerheart.kapsi.fi\/greatdane\/wp-content\/uploads\/2020\/06\/veeti1_1.jpg\"><img loading=\"lazy\" width=\"617\" height=\"449\" src=\"http:\/\/hammerheart.kapsi.fi\/greatdane\/wp-content\/uploads\/2020\/06\/veeti1_1.jpg\" alt=\"\" data-id=\"3702\" data-full-url=\"http:\/\/hammerheart.kapsi.fi\/greatdane\/wp-content\/uploads\/2020\/06\/veeti1_1.jpg\" data-link=\"http:\/\/hammerheart.kapsi.fi\/greatdane\/?attachment_id=3702\" class=\"wp-image-3702\" srcset=\"https:\/\/hammerheart.kapsi.fi\/greatdane\/wp-content\/uploads\/2020\/06\/veeti1_1.jpg 617w, https:\/\/hammerheart.kapsi.fi\/greatdane\/wp-content\/uploads\/2020\/06\/veeti1_1-300x218.jpg 300w\" sizes=\"(max-width: 617px) 100vw, 617px\" \/><\/a><figcaption class=\"blocks-gallery-item__caption\">Veeti<\/figcaption><\/figure><\/li><li class=\"blocks-gallery-item\"><figure><a href=\"http:\/\/hammerheart.kapsi.fi\/greatdane\/wp-content\/uploads\/2020\/06\/mustikka.jpg\"><img loading=\"lazy\" width=\"630\" height=\"523\" src=\"http:\/\/hammerheart.kapsi.fi\/greatdane\/wp-content\/uploads\/2020\/06\/mustikka.jpg\" alt=\"\" data-id=\"3703\" data-full-url=\"http:\/\/hammerheart.kapsi.fi\/greatdane\/wp-content\/uploads\/2020\/06\/mustikka.jpg\" data-link=\"http:\/\/hammerheart.kapsi.fi\/greatdane\/?attachment_id=3703\" class=\"wp-image-3703\" srcset=\"https:\/\/hammerheart.kapsi.fi\/greatdane\/wp-content\/uploads\/2020\/06\/mustikka.jpg 630w, https:\/\/hammerheart.kapsi.fi\/greatdane\/wp-content\/uploads\/2020\/06\/mustikka-300x249.jpg 300w, https:\/\/hammerheart.kapsi.fi\/greatdane\/wp-content\/uploads\/2020\/06\/mustikka-602x500.jpg 602w\" sizes=\"(max-width: 630px) 100vw, 630px\" \/><\/a><figcaption class=\"blocks-gallery-item__caption\">Mustikka<\/figcaption><\/figure><\/li><\/ul><\/figure>\n\n\n\n<p><a href=\"https:\/\/jalostus.kennelliitto.fi\/frmKoira.aspx?RekNo=FI32232%2F20&amp;R=235.3\" target=\"_blank\" rel=\"noreferrer noopener\" aria-label=\"Sukutaulu Koiranetiss\u00e4 (opens in a new tab)\">Sukutaulu Koiranetiss\u00e4<\/a><\/p>\n\n\n\n<h3>Tutkimustulokset<\/h3>\n\n\n\n<p>21.5.2021 Syd\u00e4nauskultaatio, ultra ja EKG &#8211; terve, ei osoita merkkej\u00e4 syd\u00e4nsairaudesta <\/p>\n\n\n\n<p><a href=\"http:\/\/hammerheart.kapsi.fi\/greatdane\/venla-kasvutaulukko\/\">Venlan kasvutaulukko<\/a><\/p>\n\n\n\n<p><a href=\"http:\/\/hammerheart.kapsi.fi\/greatdane\/venla-kasvu-kuvina\/\">Kasvu kuvina<\/a><\/p>\n\n\n\n<p><\/p>\n","protected":false},"excerpt":{"rendered":"<p>Maid&#8217;s Aurora Alissa s. 30.4.2020kasv. Kirsi M\u00e4ki, Raisio, kennel Maid&#8217;s i. CIB Multi CH Multi Winner Riveran Call Me Fogman Jr &#8220;Veeti&#8221;e. CIB FI LT MVA HeJW-15 Horsebjerg Not A <a href=\"https:\/\/hammerheart.kapsi.fi\/greatdane\/venla\/\" class=\"more-link\">[&hellip;]<\/a><\/p>\n","protected":false},"author":1,"featured_media":0,"parent":0,"menu_order":0,"comment_status":"closed","ping_status":"closed","template":"","meta":{"Layout":""},"_links":{"self":[{"href":"https:\/\/hammerheart.kapsi.fi\/greatdane\/wp-json\/wp\/v2\/pages\/3701"}],"collection":[{"href":"https:\/\/hammerheart.kapsi.fi\/greatdane\/wp-json\/wp\/v2\/pages"}],"about":[{"href":"https:\/\/hammerheart.kapsi.fi\/greatdane\/wp-json\/wp\/v2\/types\/page"}],"author":[{"embeddable":true,"href":"https:\/\/hammerheart.kapsi.fi\/greatdane\/wp-json\/wp\/v2\/users\/1"}],"replies":[{"embeddable":true,"href":"https:\/\/hammerheart.kapsi.fi\/greatdane\/wp-json\/wp\/v2\/comments?post=3701"}],"version-history":[{"count":12,"href":"https:\/\/hammerheart.kapsi.fi\/greatdane\/wp-json\/wp\/v2\/pages\/3701\/revisions"}],"predecessor-version":[{"id":5261,"href":"https:\/\/hammerheart.kapsi.fi\/greatdane\/wp-json\/wp\/v2\/pages\/3701\/revisions\/5261"}],"wp:attachment":[{"href":"https:\/\/hammerheart.kapsi.fi\/greatdane\/wp-json\/wp\/v2\/media?parent=3701"}],"curies":[{"name":"wp","href":"https:\/\/api.w.org\/{rel}","templated":true}]}}